emainder when 33 is divided by v(-6)?
6
Let i(u) = u**2 - u + 13. Let b be 2 + (-4)/(5 - 3). What is the remainder when 50 is divided by i(b)?
11
Let d be 1 - -1*(0 - -1). Let k be (0 + -2 - -2)/d. Suppose -3*q + 3*b + 147 = k, 0 = -2*b + b. Calculate the remainder when q is divided by 17.
15
Suppose -19*m = -2*m - 2941. Calculate the remainder when m is divided by 29.
28
Let p(g) = g**2 + 0*g + 4*g**2 - 2 + 2*g. What is the remainder when 40 is divided by p(-2)?
12
Let o(u) = -u**2 + u + 5. What is the remainder when 6 is divided by o(0)?
1
Suppose -3*v + 26 = -5*v + 4*y, -64 = 4*v - 2*y. Let c = v + 32. What is the remainder when 4 is divided by -5*(0 - 6/c)?
0
Suppose -5*n + 4*n + 322 = 0. Let s = n - 220. What is the remainder when s is divided by 26?
24
Suppose 0 + 12 = 2*s. Let o(f) = -f**3 + 6*f**2 - 4*f - 4. Let r be o(5). What is the remainder when 1*((-54)/(-3) - r) is divided by s?
5
Let p(h) = h + 17. Calculate the remainder when p(-4) is divided by 4.
1
Suppose -2*h - 18 = -3*h. Let j be (1/2)/((-3)/66). Let f = j + 21. Calculate the remainder when h is divided by f.
8
Let j(w) = w**2 - 13*w + 4. Let u be j(13). Suppose t + u*t = 450. What is the remainder when t is divided by 23?
21
Suppose -3*k = k + 3*s - 101, -5 = 5*s. What is the remainder when k is divided by 10?
6
Let u = 5 + 6. Calculate the remainder when u is divided by 3.
2
Suppose -8*f + 95 = -3*f. What is the remainder when f is divided by 10?
9
Suppose -4*l = -q + 37, -4*q + 3*l + 185 = -28. Calculate the remainder when q is divided by 15.
12
Suppose 7*y - 81 = 4*y. What is the remainder when 80 is divided by y?
26
Let x = 88 - 134. Let v = x + 83. Let t = 54 - v. What is the remainder when t is divided by 6?
5
Suppose -5*x - q = -14, -4*x + 2*q - 6 = -3*x. Suppose 2*k - 3*n = 41, -x*n - 74 = -4*k + 20. What is the remainder when k is divided by 9?
7
Let r(s) = 7*s**2 - s. Let d be r(1). Let b = d + 0. What is the remainder when b is divided by 4?
2
Suppose -5*z - 15 + 70 = 0. Calculate the remainder when 98 is divided by z.
10
Let a(g) = -6*g - 8. Let s(w) = 7*w + 9. Suppose -2*z + 0*z = 8. Let q(j) = z*a(j) - 3*s(j). Calculate the remainder when q(4) is divided by 6.
5
Let h = 45 + -8. Let z = -15 - -28. What is the remainder when h is divided by z?
11
Let d = 5 - 0. What is the remainder when 36 is divided by d + -5 - (-18 + -1)?
17
Let l = -9 - -18. Let u = -3 + l. Let z(n) = n**3 - 7*n**2 + 9*n - 2. Calculate the remainder when z(6) is divided by u.
4
Calculate the remainder when 30 is divided by -6*(3 - 13/3).
6
Let c = -34 - -45. Calculate the remainder when 52 is divided by c.
8
Suppose 0 = -b + 3*a + 6, 0*a + 5*a - 10 = 0. Let w = 25 - b. What is the remainder when 37 is divided by w?
11
What is the remainder when (5 - (10 + -5)) + 3 + 130 is divided by 27?
25
Suppose 2*a = -5*m + 67, -3*a = 5*m - 6*a - 62. Calculate the remainder when -2 + (2 - -36 - 0) is divided by m.
10
Suppose 5*w - 4*j - 165 = -5*j, -3*w = 2*j - 106. Suppose 13 = 3*b - w. Calculate the remainder when 42 is divided by b.
12
Suppose -5*i + 110 = 5*l, 3*i - 104 + 34 = -4*l. What is the remainder when i is divided by 4?
2
Suppose -12 - 6 = -y. Let g = 33 - y. What is the remainder when 28 is divided by g?
13
Let p(y) = -y**2 + 2*y. Let i be 15/9 + (-6)/9. What is the remainder when -2*(-2)/10*5 is divided by p(i)?
0
Let x = 113 - 53. What is the remainder when x is divided by 9?
6
Let r = 7 + -6. Let p be r/((-2)/14) - -1. Let b = p - -25. Calculate the remainder when 55 is divided by b.
17
Suppose 3*a = -4*c - 117 + 15, -4*a = -2*c - 40. Let g = c + 32. Calculate the remainder when 29 is divided by g.
5
Let z = -58 - -96. Suppose 0 = -r - 3*r + 12. Let g(u) = 2*u**3 - 4*u**2 + u - 1. What is the remainder when z is divided by g(r)?
18
Let c(m) = -m**3 + 9*m**2 + m + 6. Calculate the remainder when c(9) is divided by 4.
3
Let h(g) = g**2 - 5 + 2 - 5 + 3*g. Calculate the remainder when h(-10) is divided by 21.
20
Let x(u) be the third derivative of -7*u**6/60 - u**5/60 + 3*u**2. Calculate the remainder when 36 is divided by x(-1).
10
Let h(d) = 108*d**2 + 2*d - 1. Let u be h(1). Suppose 5*x = -14 + u. What is the remainder when x is divided by 7?
5
Suppose 3*r = -5*f - 2*r - 5, -4*f - 3*r = 1. What is the remainder when 9 is divided by f?
1
Let l(i) = 3*i**2 + i + 2. Calculate the remainder when 47 is divided by l(-2).
11
What is the remainder when ((-716)/(-7) - 1) + (-4)/14 is divided by 26?
23
Let r = 16 - 8. What is the remainder when 21 is divided by r?
5
What is the remainder when ((-4)/(-13))/(-2) - (-4012)/52 is divided by 26?
25
Calculate the remainder when (36/8)/9*34 is divided by 6.
5
What is the remainder when 18/(-6) - 79/(-1) is divided by 27?
22
What is the remainder when 3/((3/4)/((-549)/(-36))) is divided by 9?
7
Let i(z) = z**2 - 3. Let k be i(-3). Suppose -2*h = h - k. Let w = 0 + h. What is the remainder when 3 is divided by w?
1
Let h be (-6)/(-10) + (-18)/(-45). What is the remainder when 19 is divided by (h + 0)/((-3)/(-21))?
5
Suppose -x + 5*q - 2 = -13, -4*x + q + 6 = 0. Calculate the remainder when 9 is divided by x.
0
Suppose -56*o + 59*o = 210. What is the remainder when o is divided by 9?
7
Let n = -22 - -26. What is the remainder when n is divided by 4?
0
Let i(t) = 18*t - 21. Calculate the remainder when 63 is divided by i(3).
30
Let k = 28 + -25. What is the remainder when 17 is divided by k?
2
Let m(o) = -7*o**3 - 2*o**2 + 3*o + 2. What is the remainder when 129 is divided by m(-2)?
41
Let w(d) = 3*d**3 - 3*d**2 + 2*d - 2. Let i(g) = 3*g**2 + 8*g + 6. What is the remainder when i(-5) is divided by w(2)?
13
Let p be (-31)/(-5) + (-2)/10. Calculate the remainder when ((-24)/(-9))/(1/p) is divided by 12/1*(-7)/(-14).
4
Let v(d) = d**2 - 9*d + 1. Let b be v(8). Let j be 1 + (-4 - -3)*b. Suppose j*m - 4*m - 16 = 0. Calculate the remainder when m is divided by 3.
1
Let s = 79 - 61. Calculate the remainder when 32 is divided by s.
14
What is the remainder when 15 is divided by (-2)/(-7) + (-80)/(-14)?
3
Let b(i) be the first derivative of -3*i**4/4 - 2*i**3/3 - i**2/2 - i + 2. Suppose -3*s + 56 = -91. What is the remainder when s is divided by b(-2)?
15
Suppose -2*x - 68 = -5*i, -5 - 7 = 3*x. Suppose -442 = -6*b - 7*b. Calculate the remainder when b is divided by i.
10
Let z be (-4)/(-1)*(-1)/(-2). What is the remainder when 22 is divided by (-3 - (z + -9)) + 2?
4
Let m(s) = s**2 + s. Let q be m(2). Suppose -v = -q*v + 90. What is the remainder when v is divided by 10?
8
Let w(d) = -d**3 + d + 62. Suppose -6*k + 14 = -82. Calculate the remainder when w(0) is divided by k.
14
Let f(g) = g**3 + g**2 - g + 21. Calculate the remainder when 60 is divided by f(0).
18
Let n(p) = 3*p**3 - p. Let i be n(1). Let r(q) = -9*q - 3 + i*q**2 + 0*q**2 + 2*q - q**2. What is the remainder when 13 is divided by r(8)?
3
Suppose 192 = 16*k + 32. What is the remainder when 17 is divided by k?
7
Calculate the remainder when (-26 - -24)/((-2)/28) is divided by 16.
12
Suppose 0 = -3*k + 51 + 9. Let w = 0 - -2. Suppose w*i + 2 = 0, 0*y - i - 8 = -y. What is the remainder when k is divided by y?
6
Calculate the remainder when 55 is divided by (-4 + 10)/(6/20).
15
Suppose 3*x + 10 = 8*x. Suppose 51 = 2*r - 5*u, 5*u + 2 - 3 = -x*r. Calculate the remainder when r is divided by 7.
6
Suppose 0 = -4*y + 6 + 86. Calculate the remainder when y is divided by 13.
10
Let l(k) = 2*k**2 - 5*k + 3. What is the remainder when 27 is divided by l(4)?
12
Let s(v) = v**3 + 6*v**2 - v - 1. Let r = 12 - -4. What is the remainder when s(-3) is divided by r?
13
Let g(s) = s**3 - 16*s**2 + 18*s. What is the remainder when g(15) is divided by 8?
5
Suppose -3*m = 2*d - 22, -2*m + d = 2*d - 13. What is the remainder when 13 is divided by m?
1
Let a(g) = 3*g**2 + 11*g + 7. Calculate the remainder when 72 is divided by a(-5).
18
Let r = 6 + 52. Calculate the remainder when r is divided by (12 - 9)*(4 - -1).
13
Let m be 1/((-3)/6)*-2. Let r = -2 + m. Let g = 2 + r. Calculate the remainder when 7 is divided by g.
3
Let z = 2 + 2. Let r be z/(-22) + 189/11. Let d = r + -4. What is the remainder when 37 is divided by d?
11
Let u(j) = -j**2 + 7*j + 4. Let d be u(8). Let k(z) = 25*z. Calculate the remainder when k(1) is